0*x**2 - 3*x. Calculate y(-15).
10
Let i(m) be the third derivative of -m**4/8 + 12*m**3 + 836*m**2 - 2*m + 1. Calculate i(24).
0
Let z(c) = 2*c**3 - 9*c**2 - 4*c - 6. Let f be z(5). Let u(q) = -9*q - 8. Let n be u(f). Let t(s) = -3*s + 4*s + 2*s + 1. Determine t(n).
4
Let d(b) = 2*b**3 + 11*b**2 + 7*b + 3. Let u = -811 - -806. Give d(u).
-7
Let n(g) = -g**2 - 10*g**2 + g**3 + 46*g - 39*g + 17. Calculate n(10).
-13
Let m(q) be the second derivative of -q**3/3 + 10*q**2 + 788*q + 3. What is m(-3)?
26
Let u(v) = -53*v + 4 + 97*v - 45*v. Let p(y) = y + 4. Let h be p(-13). Let n(i) = -2*i - 22. Let g be n(h). What is u(g)?
8
Let z(o) = -61*o**2 + 5*o + 8. Let v(m) = -81*m**2 + 4*m + 8. Let a(j) = 3*v(j) - 4*z(j). Determine a(5).
-23
Let w = -43 + 36. Let u(g) = 11*g**2 + 31*g - 29. Let o(h) = -8*h**2 - 21*h + 20. Let c(b) = w*o(b) - 5*u(b). What is c(6)?
-7
Let z = -145 - -213. Let c be ((-51)/z)/(-1 - 3/(-4)). Let k(a) = -9*a - 10*a - 2*a**3 + 23*a - 4*a**2 - 2 + 3*a**3. Give k(c).
1
Let j(c) be the second derivative of 5*c**3/6 - 3*c**2/2 - 4*c. Suppose 456 = 5*g + 3*g. Let o = 60 - g. Give j(o).
12
Let r(b) = -86902*b**2 - 86897*b**2 + 173797*b**2 - 57*b - 218. Give r(-24).
-2
Suppose 3*d - 5*d - 4 = 5*b, 5*b - d - 2 = 0. Let x be b + 4 + -1 - (67 + -68). Let a(m) = m**3 - 3*m**2 - 2*m - 1. Give a(x).
7
Let g(z) = 182*z + 127. Let o(s) = 15*s + 12. Let a(j) = -2*g(j) + 25*o(j). Calculate a(-4).
2
Let k(d) be the second derivative of -d**5/20 - 3*d**4/4 - 4*d**3/3 + 5*d**2 - 6*d. Let p = 2356 + -2364. What is k(p)?
10
Suppose 0 = 4*q + 28, q - 6*q - 11 = w. Let j(n) = n**2 - 22*n - 34. Determine j(w).
14
Let j(t) = -32*t + 5. Let v(y) be the third derivative of -23*y**4/24 + y**3/2 + 168*y**2. Let z(b) = -5*j(b) + 7*v(b). What is z(-8)?
4
Let w(a) = a**3 - 6*a**2 - 2*a + 7. Let i(f) = -f**2 + 2*f - 11. Let k be i(7). Let u = 48 + k. Let r be (48/28)/(u/7). Calculate w(r).
-5
Let f(i) be the second derivative of i**4/12 - 5*i**3/3 + 3*i**2 + i. Suppose -44 = -8*w + 7*w + 5*p, 2*w + 8*p + 38 = 0. What is f(w)?
-3
Let l(k) = 2*k**2 - 18*k + 74. Suppose 13*b + 128 = 193. Calculate l(b).
34
Let k = -72 - -72. Let f = -15 - -36. Suppose -20*x + f*x = k. Let a(t) = -t + 2. What is a(x)?
2
Let l(n) = 4*n**3 + 4*n**2 - 6*n + 13. Let a(v) = 9*v - 4*v - 6*v**2 - 27*v**3 - 13 + 6*v - 4*v + 24*v**3. Let u(c) = 3*a(c) + 2*l(c). What is u(-11)?
9
Let s(n) = -n**2 + 6*n - 4. Suppose 7*m - 364 = -4*o + 3*m, 4*m = 4*o - 372. Let p be 577/6 + (-12 - 770/(-60)). Let l = p - o. Give s(l).
1
Let n(i) be the second derivative of -1/12*i**4 - 2*i - i**3 + 0*i**2 + 0. Suppose 5*f + 0*f = -25. What is n(f)?
5
Let f(o) be the first derivative of -5*o**2/2 - 24*o + 2129. Determine f(-11).
31
Suppose 0 = y + h - 0*h, 5*h = -2*y - 12. Let o(x) = -5*x**2 + 3*x - y*x - 4 - x**3 - 6*x. Suppose 10*p - 8 = 12*p. Give o(p).
8
Let l(y) = 564*y + 19. Let t be l(6). Let k(d) = -4*d + d**3 + t*d**2 + 7 - 3398*d**2 - 2*d. What is k(-5)?
37
Let p(x) = x**2 + 11*x + 10. Let a(l) = 3*l**3 + 4*l**2 - 9*l + 6. Let s be a(-3). What is p(s)?
22
Let a(o) = o**3 + o. Let k be a(0). Suppose -3*j = q - 2, -3*q + k*q - 4*j + 6 = 0. Let p(x) = -2*x**3 - 56 + 54 + x**3 + 2*x. Give p(q).
-6
Let s(j) = j**3 - 5*j**2 - 5*j + 3. Suppose 5*k = -778 + 158. Let h = -101 - k. Let f = 29 - h. Give s(f).
9
Let h(c) = -2*c + 75. Let p = -19002 + 19038. Give h(p).
3
Let o(d) = -2*d - 9. Let y(g) = g**3 - 4*g**2 - 4*g + 11. Suppose -184 + 168 = -8*r. Let u be y(r). Determine o(u).
1
Let r(i) be the third derivative of 1/24*i**4 - 1/60*i**6 + 1/6*i**3 - i**2 - 9 + 0*i + 0*i**5. What is r(-1)?
2
Let h(o) be the second derivative of o**4/6 - 6*o**3 + 17*o**2/2 - 2930*o. Give h(16).
-47
Let u(x) = -x**2 + 5*x - 4. Let q(g) = 5*g**2 - 4*g + 3. Let f(k) = 5*q(k) + 4*u(k). Give f(1).
20
Let w(u) be the second derivative of -u**3/2 - 67*u**2/2 + 9404*u. Determine w(-11).
-34
Let c = -779003 + 779002. Let b(m) = 3 + 10*m**2 - 4 + m**2 - m. Give b(c).
11
Let r be -19*(-1 - (3 + -5)). Let o = 22 + r. Let y(b) = -b + 7. Determine y(o).
4
Let r(o) be the first derivative of 3*o + 5/2*o**2 + 2/3*o**3 - 79. Give r(-3).
6
Let x(a) = -a**3 - 19*a**2 - a + 4. Let s(n) = -8*n**3 - 138*n**2 - 7*n + 32. Let v(o) = -2*s(o) + 15*x(o). Suppose 3*y - 36 = -y. What is v(y)?
-13
Let v be 136/48 - (-6)/108*3. Let l(s) = 7*s + 6. Determine l(v).
27
Let f(q) = -q**2 + 3*q**3 - 3*q + 6*q**2 - 4*q**3 - 2. Suppose 3*x - 56 = -17*x + 24. What is f(x)?
2
Let g(n) be the first derivative of n**2/2 + 46*n - 728. What is g(-19)?
27
Let m(v) = 14*v + 26. Suppose -6648*x - 48 = -6632*x. Give m(x).
-16
Let w(q) be the first derivative of q**4/2 + 2*q**3/3 + 3*q**2/2 + q - 60143. Let x(s) = 3*s + 1. Let f be x(-1). Determine w(f).
-13
Let i(t) = 165*t + 320. Let u(k) = 3*k + 3. Let z(n) = -i(n) + 4*u(n). Determine z(-2).
-2
Let s(t) be the third derivative of -t**8/20160 + t**7/1260 - 7*t**5/20 + 8*t**2 + 1. Let y(f) be the third derivative of s(f). Give y(5).
-5
Let b(f) = 140*f + 58*f + 37 - 200*f. Give b(15).
7
Suppose -3*g - 6 = 6. Let d = g - 0. Let q(a) = -3*a**3 - a**2 + 2*a - 9. Let b(j) = j**3 - j + 3. Let l(f) = 17*b(f) + 6*q(f). Give l(d).
-15
Let n = 59 - 12. Let d = n + -44. Let i(f) = 5*f + 4*f**2 + d + 0*f - 9*f - 2*f**3. Determine i(2).
-5
Let p(x) = -x**2 - 3*x - 4. Let w be (-209)/(-44) - 1/(-4 - 0). Suppose w*g - 3 - 57 = 0. Suppose 5*k + 3 = -g. Determine p(k).
-4
Let y(l) = 7*l - 45881 - 6*l + 45874 + 2*l**2 - 3*l. Suppose -5*d + j + 19 = 0, -5 = j - 1. Calculate y(d).
5
Let u(l) = -3 - 4 + 0 - 2*l + 9 - 30. Calculate u(-16).
4
Let n(c) = c**3 - 2*c**2 - 18*c + 43. Let b = 1780 + -1777. What is n(b)?
-2
Let g(m) = 6*m**2 - 168*m + 359. Let q(h) = h**2 - 33*h + 70. Let j(s) = -2*g(s) + 11*q(s). Calculate j(2).
-6
Let d(y) be the first derivative of y**3/3 - 3*y**2 - 18*y - 939. Determine d(10).
22
Suppose -3*j - j = -8*j. Let z be -2 + (j - 3) + (4 - -5). Let b be (-1)/z + ((-441)/12)/(-7). Let n(k) = -k**3 + 6*k**2 - 3*k - 7. Give n(b).
3
Let o be (556/(-6))/(6/(-18) + 1). Let p = o - -130. Let z(w) = w**3 + 10*w**2 + 9*w + 7. Determine z(p).
7
Let i(y) = 1092*y + 1104*y + 164 - 2229*y. What is i(5)?
-1
Suppose -p - 5*c = -12, p = -0*p + c - 6. Let o(i) be the third derivative of -i**5/30 - i**4/8 - i**3/2 - 170*i**2. What is o(p)?
-12
Let k be (-5060)/715 + (-3 - (-118)/13) + -6. Let g be (-2)/6 - (-28)/12. Let s(j) = 10 + 5*j**3 - 4*j**3 + 6*j**2 + j**g. Determine s(k).
10
Let d(y) = -7*y**2 - 6*y + 11. Let r be (-204)/(-6)*2/(-4). Let n(f) = 20*f**2 + 18*f - 32. Let w(g) = r*d(g) - 6*n(g). Determine w(-6).
5
Let h be (-4)/10 - 3337/(-355). Let s(w) = -w + 16. Determine s(h).
7
Let w(k) = 2*k + 6. Let z be w(-6). Suppose 4*h = -j + 625, h - 45 = j + 110. Let q(m) = -76 + 3*m + h - m**2 - 5*m - 85 - 5*m. Calculate q(z).
1
Let l(f) be the third derivative of -f**7/1680 + f**6/180 + 12*f**5/5 + 8*f**2 - 10*f. Let a(z) be the third derivative of l(z). Give a(6).
-14
Let y be -3 - 16/(0 - 2). Let c(v) be the third derivative of -v**6/120 + 7*v**5/60 - v**4/3 + 5*v**3/6 - 769*v**2. Calculate c(y).
15
Let m(s) be the second derivative of -s**4/12 + 29*s**3/6 + 13*s**2 - 563*s + 2. Determine m(30).
-4
Let j(z) be the first derivative of z**4/4 - 7*z**3/3 - 4*z**2 + 7*z + 2054. Determine j(8).
7
Let i(s) be the third derivative of s**4/2 - 11*s**3/3 + 2*s**2 - 202. Give i(7).
62
Let c(k) be the third derivative of k**4/8 - 2*k**3/3 - 13*k**2 + 31*k. Calculate c(-1).
-7
Suppose 2*m + 3*i = -179, -85 = m - 0*i - 3*i. Let c = m - -93. Let r(l) = 3 + 6*l + 3*l - 3*l - l**2 - 1. Calculate r(c).
7
Let h(f) = -3*f**2 + 1507*f + 3010. Let t be h(-2). Let m(n) = n**2 + 12*n - 19. What is m(t)?
45
Let y(v) = -v. Suppose -o - 112 = -111. Let z(w) = 5. Let f(l) = o*z(l) - 2*y(l). Let d be (0 - -1)/2*-10. Give f(d).
-15
Suppose -46*s - 317 = -409. Let h(l) = 2*l**2 - 16*l + 36. Give h(s).
12
Let y(s) = -10*s + 2. Let a(z) = 354*z + 2126. Let x be a(-6). Give y(x).
-18
Let v(k) = -3*k**2 + 2*k - 4. Let z(c) = 3*c**2 - c + 4. Let d(q) = 6*v(q) + 7*z(q). Let a be (-1552)/485 - 6/(-30). What is d(a)?
16
Let y(z) = 28*z. Let h(o) = 166*o + 48. Let x(d) = -h(d) + 6*y(d). Give x(9).
-30
Let j = 28 - 6. Let r = 32 - j. Suppose 4*o = 2*o - r. Let i(n) = n*